= -280*s**3 + s**2 - 8*s + 26. Let d be b(4). Let j = -4529 - d. Is j a prime number?
True
Let n(s) = s**2 - 22*s + 117. Let h be n(10). Is (2638 - 1) + -1 + h prime?
True
Let f = -31 - -31. Suppose f = 4*c - 7 + 3. Is (c - 0)/((-7)/(-3395)) prime?
False
Let y(x) = x**3 - 11*x**2 + 12*x + 23. Suppose 0 = -4*k + g - 4 + 76, 5*k - 4*g = 101. Is y(k) prime?
False
Let t = 188 - -48. Let c = 321 + t. Is c a composite number?
False
Is 1/(-6)*-2 + (-13701320)/(-102) composite?
False
Let n be 18/6*1*8/6. Suppose 2*b - 42*y - 4610 = -38*y, n*y - 4626 = -2*b. Is b a prime number?
True
Is 156/195 - 9/(-15)*105047 a composite number?
False
Let i(m) = -128*m + 27. Suppose 22*f - 18*f - 24 = 0. Let d be i(f). Let j = d - -1078. Is j a composite number?
False
Suppose 3*p = -g + 52, 0 = -3*p - 0*g + 2*g + 58. Let b = -12 + p. Is ((-2532)/(-30))/(b/15) a prime number?
True
Let s(d) = 225*d + 11. Let g be s(5). Suppose q + 4*m + 614 = 0, -3*m - g = 4*q + 1320. Is (q/10)/(10/(-50)) prime?
True
Suppose -63*r = -48*r + 8505. Let b = 1429 + r. Is b prime?
False
Suppose -6*i = -9*i + 33. Suppose -15*u + 4*u = -i. Is ((-381)/12*u)/(2/(-8)) prime?
True
Let l be 5/2*4 - (1 - 5). Suppose l*v - 149728 = -2644. Let k = v + -6719. Is k composite?
True
Suppose 0 = 9*l - 7*l + 530. Let c = l - -983. Is c a prime number?
False
Suppose 3*m = 5*x + 787981, 1050656 = 77*m - 73*m - 3*x. Is m composite?
True
Let j(b) = -3*b + 30. Let v(i) = -i + 10. Let w(t) = -2*j(t) + 7*v(t). Let u be w(3). Suppose c - u = 12. Is c a prime number?
True
Let m = 243690 + -75447. Is m a prime number?
False
Suppose 2*y - 15368 = -2*y. Let b be 1/(-4 - (-15370)/y). Let u = -820 + b. Is u prime?
False
Let q(h) be the second derivative of h**4/12 + 16*h**3/3 + 10*h**2 + 32*h + 2. Is q(-37) a prime number?
False
Let y = 5482 + 13445. Suppose -45531 = -6*r + y. Is r composite?
True
Suppose 97*i + 590 = 38*i. Let h = -4 + 3. Is 867*(-3)/(i - h) prime?
False
Let w(b) = 17057*b**2 - 5*b - 294 + 3*b + 298. Is w(1) prime?
False
Let o(d) = d**3 + 20*d**2 + 18*d + 9. Let h be o(-19). Suppose 4 = -8*t - h. Is ((-8)/t)/(4/22) a prime number?
True
Suppose 4*c = 2*b - 473626, -5*c - 25969 = 2*b - 499577. Is b a prime number?
False
Let m be 3 + -356943 + ((-24)/4 - -10). Is m/6*33/(-44) a composite number?
False
Let k = -131 - -131. Suppose k = 4*g + 4 - 68. Is (g/(-4))/4 + 3 + 455 composite?
False
Suppose 863333 + 948897 = 10*w. Is w prime?
False
Suppose 443*t - 64743 = 440*t. Is t composite?
True
Suppose 3*b = 3*u - 15030, -6*u = -7*u - 2*b + 5019. Let j = -2622 + u. Is j a composite number?
True
Suppose 43004 = 4*d + r, 2*d + d - 32260 = r. Suppose d = -2*t + 10*t. Suppose -5*m + 1102 = -3*f - t, 2*f = -m + 497. Is m a prime number?
True
Suppose 0*u + 3*a = u - 11249, 5*a = -3*u + 33733. Is (0 + u)/(-6 + 8) composite?
False
Let f = 2031 - 767. Let m(b) = -6*b**2 + 18*b - 53. Let n be m(12). Let g = f + n. Is g prime?
True
Let a(r) = 5*r**3 + 6*r**2 - 10*r + 14. Let d be a(7). Suppose -5143 = -4*n - t, 0 = -4*n + 3*t + d + 3194. Is n a composite number?
True
Suppose 4*r + 8 = 2*f, 3*r = -r - 3*f + 12. Suppose 4*n - 2*q - 944 = r, -n = -5*n - 3*q + 934. Is n a composite number?
True
Suppose -3*h + 5*i + 37521 = 0, -4*h + 3*i + 50028 = 6*i. Suppose -19*a = -16*a - h. Is a composite?
True
Suppose -2*x = a - 193, 39*a - 980 = 34*a - 5*x. Is a a composite number?
False
Suppose -156*h - 16369006 + 51614242 = 0. Is h a composite number?
False
Suppose 13*w + 4*w - 2*w = 2896095. Is w a composite number?
False
Let b(w) be the second derivative of w**4/12 + 23*w**3/6 + 19*w**2/2 - 27*w. Let k(q) = q**2 + 4*q - 52. Let x be k(7). Is b(x) composite?
True
Is 45806 - -2 - (14 + -17) a prime number?
False
Is -1*(-254069)/3 - (-712)/(-267) composite?
True
Let v(x) = 168 + 27*x - 64*x + 36*x. Let d be v(0). Is (-8)/(d/(-749)) + (-8)/(-6) prime?
True
Let j(m) = 129*m**2 - 81*m - 17. Suppose 2*i - 31 + 12 = -z, 5*i + 5*z - 60 = 0. Is j(i) a composite number?
False
Let n be 2/6*-6010*(-36)/30. Let a = n + 1843. Is a a composite number?
True
Suppose 0 = -2*d + 43 - 29. Suppose d*q + 55854 = 25*q. Is q a composite number?
True
Suppose 0 = 2*y - 33*y + 1340847 + 388054. Is y a prime number?
False
Is 10434 - 423 - 8*(1 - 6/4) a prime number?
False
Suppose -5*i + 22*i - 207196 = 0. Suppose 29*t - i = 25*t. Is t a composite number?
True
Let n = -202 + 510. Let i = n + -122. Is 61/(i/(-306) + 2/3) a prime number?
False
Let u be (166/4)/((-1)/2). Let j = 92 + u. Suppose 9353 = j*f - 250. Is f a composite number?
True
Let a = -41276 + 64045. Is a prime?
True
Suppose -38244686 - 10939015 - 10142919 = -60*w. Is w a composite number?
True
Suppose 5*s - 670171 = 2*x, 2*x + 536138 = -1194*s + 1198*s. Is s a composite number?
False
Suppose 53562716 = 309*r - 99374053. Is r prime?
False
Let z = 839 + 1595. Let m = z + 2503. Is m composite?
False
Let h(r) = 544*r**2 + 179*r + 29. Is h(20) composite?
False
Let b be (-4)/2*208265/(-2). Suppose 13*o = -10*o + b. Is o prime?
False
Suppose -144285003 = -37*y - 13550350. Is y composite?
True
Suppose 8*k - 8935 = 3*k. Let v = 1799 - 1795. Suppose -v*q + k = -17. Is q a prime number?
False
Suppose 12*p - 2*p = -1150. Let w = -79 + p. Let x = 385 - w. Is x a composite number?
True
Let q(s) = 4*s - 4. Let h be q(2). Suppose h*t + 5*a = 4226, -1388 - 2846 = -4*t - a. Suppose x - t = 2*y + 2202, -5*x - 5*y + 16320 = 0. Is x prime?
False
Let y(x) = x**2 + 5*x - 8. Let l be y(-6). Let m be 50/24*2 + l/12. Suppose d - 2095 = -m*d. Is d a prime number?
True
Suppose -f + 117676 = 4*m - 303255, 4*m + 1683664 = 4*f. Is f a prime number?
True
Let f(a) be the second derivative of -a**4/12 + 7*a**3/6 - a**2 - 8*a. Let d be f(6). Suppose 5*t - 923 = 2*u, -10*t + 9*t + 189 = d*u. Is t a composite number?
True
Suppose -7*w = 11*w - 72. Suppose 6299 = 5*j + w*l, 3*j - 6*l = -l + 3772. Is j a prime number?
True
Suppose -12*z = 4*z + 56*z - 78921144. Is z composite?
False
Let t = -1155 - -1160. Suppose 31 = 3*p + 1. Is ((p/4)/t)/((-15)/(-34530)) prime?
True
Suppose -5*j - 2405 = -5*l, 3*l + 0*j = -j + 1435. Suppose 4*z - 1316 = -4*f, 4*f - 3*z - l = 816. Is f prime?
False
Let u(x) = 37949*x**2 - 31*x - 167. Is u(-7) composite?
False
Let h be 9/24 - 180/(-32). Is h/21 + 3002655/105 a composite number?
False
Suppose -484162 = -3*u - 2*c + 912411, u - 465545 = -11*c. Is u a composite number?
False
Let q(j) = 2*j - 35. Let h be q(21). Let p = h + -3. Is (-3)/((-12)/1940) - p a prime number?
False
Let x(o) = 53558*o**2 + 443*o - 885. Is x(2) a prime number?
False
Suppose -119*m = -55*m - 58*m - 266502. Is m prime?
True
Suppose 945626 = 5*n - 3*s, 122 = -s + 125. Is n composite?
False
Suppose 8*m - 13*m = -25. Suppose m*z + 659 = -2*a, 4*a = 5*z + a + 649. Let o = z + 184. Is o a composite number?
False
Let m(u) = 422*u**2 + 4*u - 3. Let i(f) = -5*f + 57. Let x be i(11). Is m(x) composite?
False
Let j(t) = 329*t**2 - 2*t - 2. Suppose 0 = -6*r - r + 21. Suppose r*d = 8*d + 5. Is j(d) a prime number?
False
Suppose -2*w + p - 1 = 0, -5*p = 2*w - 4*p + 3. Let n be 2/(3/(-2) + (w - -3)). Suppose -a + 1675 = n*a. Is a a prime number?
False
Suppose 7618 = 5*x + 2628. Let o = x + 5675. Is o a prime number?
True
Let f = 63 + -55. Suppose 4*b + 8 = 4*y, -y - f = 4*b - 4*y. Is (109213/26 - b/(-4)) + 1 composite?
False
Suppose -47444 - 2130 = -4*t + 9*z, 3*z = 5*t - 62017. Is t a prime number?
False
Suppose -4*c = -4*h + 12, 11*h = 10*h - c - 3. Suppose 4*b = -12, -4*x + h*b = b - 34961. Is x composite?
False
Let h(n) be the third derivative of 83*n**5/5 - 3*n**4/4 - n**3/6 - 2*n**2 + 12*n. Is h(6) a prime number?
True
Let y = 93807 - 40173. Suppose 5*z - y - 35651 = 0. Is z a composite number?
True
Suppose 0 = -2*f + 11 + 2769. Let q = f + 383. Suppose 2*m = -4*r + 2262, -5*m - q = -2*r - 672. Is r a composite number?
False
Suppose -8*q + 3*q = -10, 5*q = 5*n + 3656260. Let j be (-20)/14 + 2 - n/(-175). Let o = -2331 - j. Is o composite?
False
Let g = -1051953 - -1827296. Is g prime?
True
Let r = -153 - -150. Is ((-21)/14)/(r/2122) prime?
True
Suppose -196*h - 55*h - 58*h = -165328287. Is h a composite number?
True
Is (-337998)/4*540/(-162) prime?
False
Is ((-9369404)/(-438))/((-4)/(-6)) a composite number?
True
Let f = 18 + -14. Suppose 3